 11983 prime?
False
Is 1140091 a composite number?
False
Is 138897151 a composite number?
True
Is 20153723 prime?
True
Is 1236307 composite?
False
Is 135227429 prime?
True
Is 269301413 composite?
False
Is 115114247 composite?
False
Is 5338547 a composite number?
False
Is 15912007 a composite number?
False
Is 4247573 a prime number?
False
Is 17855777 prime?
True
Is 14782309 a composite number?
False
Is 254619199 a composite number?
False
Is 23707891 a composite number?
False
Is 399409453 composite?
False
Is 11819113 composite?
True
Is 845323 a composite number?
True
Is 1587407 composite?
False
Is 104573 prime?
False
Is 16401239 a prime number?
True
Is 7066391 a prime number?
False
Is 12333935 composite?
True
Is 24743899 a composite number?
False
Is 48036623 a prime number?
True
Is 63113353 composite?
True
Is 12799603 composite?
True
Is 15074413 prime?
True
Is 311159 a prime number?
False
Is 115679801 a composite number?
False
Is 12073433 prime?
False
Is 24438737 a composite number?
True
Is 14918177 prime?
False
Is 522448961 composite?
True
Is 26408561 prime?
True
Is 11995127 a prime number?
False
Is 12044231 a prime number?
True
Is 318893 composite?
True
Is 37086747 a prime number?
False
Is 193451267 prime?
True
Is 12710923 prime?
True
Is 34474123 composite?
True
Is 50410177 composite?
False
Is 44963561 prime?
False
Is 8366221 a composite number?
True
Is 14279171 a composite number?
True
Is 2209243 prime?
False
Is 446912443 composite?
False
Is 14175311 a prime number?
False
Is 1640003 composite?
True
Is 10251173 prime?
False
Is 99193187 a composite number?
False
Is 93878611 a prime number?
True
Is 1330740733 composite?
True
Is 4403191 prime?
False
Is 3904633 a composite number?
True
Is 257111813 prime?
False
Is 58541677 prime?
True
Is 56402459 a prime number?
True
Is 2298293 prime?
True
Is 918193 prime?
True
Is 103001 a composite number?
False
Is 7701149 composite?
True
Is 226516231 a composite number?
False
Is 1896035 a composite number?
True
Is 628243197 a composite number?
True
Is 9365707 prime?
False
Is 5439013 composite?
False
Is 5402861 prime?
False
Is 36895289 composite?
True
Is 130839469 a prime number?
True
Is 135799691 prime?
True
Is 7906373 a prime number?
False
Is 1484212753 composite?
False
Is 853243 a composite number?
True
Is 35301983 a prime number?
True
Is 8086181 prime?
True
Is 2666662 a prime number?
False
Is 1096400483 a prime number?
True
Is 201123847 prime?
True
Is 17854321 a composite number?
False
Is 51579571 a composite number?
True
Is 19754927 prime?
False
Is 81512581 a composite number?
True
Is 16329511 composite?
True
Is 299205691 prime?
True
Is 2273017 composite?
False
Is 5244595 prime?
False
Is 763679 a prime number?
False
Is 3765095 a prime number?
False
Is 45833917 a composite number?
True
Is 242167 a composite number?
True
Is 883013 composite?
False
Is 1800199 a composite number?
False
Is 3692921 prime?
False
Is 16531573 prime?
True
Is 25787551 composite?
True
Is 22793927 prime?
False
Is 3670435 prime?
False
Is 28919603 a prime number?
True
Is 77562061 a prime number?
True
Is 2098277 composite?
False
Is 2149510339 composite?
False
Is 10090999 a prime number?
True
Is 44573911 a composite number?
False
Is 36271669 a prime number?
False
Is 31834801 composite?
False
Is 132283 prime?
True
Is 174007291 composite?
True
Is 2246831 composite?
False
Is 32235157 a composite number?
False
Is 3794659 a prime number?
False
Is 62272097 a composite number?
True
Is 3120839 a prime number?
False
Is 1697558 composite?
True
Is 8357677 prime?
True
Is 5650057 composite?
True
Is 7283381 a composite number?
True
Is 18262403 a composite number?
True
Is 753577 prime?
False
Is 21459227 prime?
False
Is 41493085 prime?
False
Is 1468631 prime?
True
Is 14715577 a composite number?
False
Is 39166007 prime?
True
Is 525533 a composite number?
False
Is 80602063 a composite number?
False
Is 249150229 prime?
True
Is 11603597 composite?
False
Is 3558337 prime?
True
Is 3229691 a prime number?
True
Is 34559449 a prime number?
True
Is 3087823 prime?
False
Is 321396469 prime?
False
Is 7326289 prime?
True
Is 56629 a prime number?
True
Is 27775831 a prime number?
True
Is 157692313 prime?
True
Is 2310335 composite?
True
Is 52055005 composite?
True
Is 3248251 composite?
False
Is 4756177 a prime number?
False
Is 29302811 a prime number?
False
Is 55009939 a prime number?
True
Is 67759031 prime?
False
Is 10768477 composite?
False
Is 169592755 a prime number?
False
Is 30030311 prime?
True
Is 148897787 prime?
True
Is 65647819 prime?
False
Is 16833109 a prime number?
True
Is 2299151 a composite number?
True
Is 1537607 a prime number?
True
Is 23511886 prime?
False
Is 28615753 a prime number?
False
Is 147789703 composite?
False
Is 271177201 prime?
True
Is 2655643 prime?
True
Is 201254953 prime?
True
Is 19784477 prime?
True
Is 701959 a composite number?
True
Is 9184691 composite?
False
Is 489043 composite?
False
Is 2504123 a composite number?
True
Is 230863411 prime?
True
Is 20087918 composite?
True
Is 340831 a composite number?
True
Is 69463313 a composite number?
False
Is 1387417 a prime number?
True
Is 11273281 composite?
False
Is 5762183 a composite number?
True
Is 23246107 prime?
True
Is 1130489 a prime number?
False
Is 68558849 composite?
False
Is 1920469 a composite number?
False
Is 20566489 a composite number?
False
Is 375111971 composite?
True
Is 88930057 composite?
True
Is 10487731 composite?
False
Is 218190997 composite?
False
Is 16806497 prime?
True
Is 40569761 a prime number?
True
Is 106591 prime?
True
Is 806198993 composite?
False
Is 200446457 prime?
True
Is 247352429 prime?
True
Is 10162357 prime?
False
Is 250199161 a prime number?
False
Is 266927 a prime number?
True
Is 49862711 prime?
False
Is 9220223 a composite number?
True
Is 1448171 a composite number?
False
Is 3761249 a composite number?
True
Is 3020957 a prime number?
True
Is 5484207 composite?
True
Is 7203289 composite?
False
Is 691989 prime?
False
Is 549641027 a composite number?
True
Is 1635514 composite?
True
Is 176621 prime?
False
Is 17619982 composite?
True
Is 16840727 prime?
False
Is 13458139 composite?
True
Is 83548171 composite?
True
Is 6550337 prime?
True
Is 4635809 prime?
True
Is 496463398 a composite number?
True
Is 2680661 a prime number?
True
Is 493277 a prime number?
True
Is 73151423 a prime number?
True
Is 13955413 composite?
False
Is 64109 composite?
False
Is 97592101 a composite number?
False
Is 809549 a prime number?
False
Is 527332307 a composite number?
True
Is 509368601 a composite number?
True
Is 2128631 prime?
True
Is 267323 composite?
True
Is 61083557 a prime number?
False
Is 246893 a prime number?
False
Is 15968283 a prime number?
False
Is 1116075769 a composite number?
False
Is 1789517 prime?
True
Is 33571007 a composite number?
True
Is 866623 a prime number?
True
Is 2562089 a composite number?
True
Is 4228333 a composite number?
True
Is 12701441 a prime number?
True
Is 66773 a composite number?
True
Is 86135171 prime?
True
Is 35788231 a composite number?
True
Is 122777 composite?
False
Is 5657621 composite?
True
Is 59123201 a prime number?
False
Is 9699593 prime?
True
Is 12982859 a prime number?
True
Is 2814549 composite?
True
Is 41351339 composite?
False
Is 92959427 a composite number?
True
Is 30916399 a prime number?
True
Is 495029 a prime number?
False
Is 43645507 a composite number?
False
Is 256229 a composite number?
True
Is 5340521 a prime number?
False
Is 224346971 a prime number?
False
Is 492387479 composite?
True
Is 390701 a prime number?
False
Is 861782 a composite number?
True
Is 74020937 a composite number?
True
Is 6632051 a prime number?
True
Is 12728707 a prime number?
True
Is 4226063 composite?
False
Is 210536362 a composite number?
True
Is 3383606 prime?
False
Is 6096071 prime?
True
Is 23405069 composite?
True
Is 5234809 a composite number?
False
Is 544223 prime?
True
Is 837631 a prime number?
True
Is 18473297 composite?
False
Is 146096341 a composite number?
True
Is 18163439 a composite number?
True
Is 9445379 a prime number?
True
Is 129123521 a prime number?
True
Is 1137623 a prime number?
False
Is 5390401 a prime number?
False
Is 29624239 a prime number?
False
Is 6358399 composite?
True
Is 13735807 a composite number?
True
Is 116703557 a prim